 3977*z = 3976*z + 21191. What is the hundreds digit of z?
1
Let u be ((-1344)/392)/(2/(-7)). What is the units digit of (0 - 3)/(u/(-6012))?
3
Suppose -2665 = 4*d + 331. Let g = 595 - d. What is the thousands digit of g?
1
Let k = 11 + -10. Let p(j) be the first derivative of 67*j**2/2 - j - 36. What is the units digit of p(k)?
6
Let w(y) = -32*y - 610. What is the units digit of w(-46)?
2
What is the thousands digit of 2687733/135 + -9 - 20/150?
9
Suppose 5*x = l - 2*l + 1551, 5*l + 9*x = 7691. What is the thousands digit of l?
1
Suppose 16*l - 11*l + 4*q - 20 = 0, q = 4*l - 16. Suppose -i = 54*t - 50*t - 2058, 3*t - 1534 = l*i. What is the units digit of t?
4
Suppose 2*p + p - 104 = -5*m, -23 = -p - 4*m. Suppose 3*h - 3044 = -4*t, 0 = -3*t - p*h + 38*h + 2294. What is the tens digit of t?
5
Suppose -24575 = 16*q - 141759. What is the units digit of q?
4
Let w(u) = 2*u**2 + u - 1. Let r be w(1). Suppose 0 = -z - 3*o + r, o = 0. Suppose l - 63 = 3*q + 14, -z*l + 3*q + 157 = 0. What is the units digit of l?
0
Let u(s) = s. Let g(l) = -l**3 + 3*l**2 + 4*l - 21. Let a(c) = -g(c) + 6*u(c). Let r be a(7). Let i = 38 + r. What is the hundreds digit of i?
2
What is the tens digit of 9582/2 + (-63 - -76)?
0
Let k be (-2)/(-3)*(-6 - -3). Let x(t) = 2*t**3 + 15*t**2 + t - 11. Let r be x(-7). Let w = r - k. What is the tens digit of w?
3
Let p = 25420 - 25419. Let o be ((-2)/3)/(2/(-6)). What is the units digit of 2080/15 - p*o/3?
8
Suppose 9*c - 37894 = -1921. What is the tens digit of (0 + -3 - -1)/((-14)/c)?
7
Suppose -115360 = -28*g - 5*g + 5*g. What is the tens digit of g?
2
Let m(i) be the first derivative of i**4/4 + 8*i**3/3 - 13*i**2/2 - 12*i + 469. Let u be 74/(-8) - 3/(-12). What is the tens digit of m(u)?
2
What is the tens digit of ((-299174)/(-247))/(8/52)?
7
Let s = 856 - 788. Suppose -58*g = -s*g + 6820. What is the units digit of g?
2
Suppose -k = -2*r - 1217, 6*k + 1225 = 7*k + 2*r. Let u = k - 404. What is the units digit of u?
7
Suppose -17*p - 2 = -2. Suppose 0*g - g + 3*j + 12 = 0, 2*g + j - 10 = p. What is the tens digit of (((-904)/g)/4)/((-12)/36)?
1
Suppose 4*u = -25*s + 28*s + 171265, -9 = 3*s. What is the units digit of u?
4
Suppose 5*g - 2*t = -1142, 2*g + 3*g + 1138 = -2*t. Let l = 319 + g. What is the units digit of l?
1
Suppose 3*j + 4*k - 59339 = 0, -8*j + 7*j = -5*k - 19805. What is the ten thousands digit of j?
1
What is the units digit of ((-1)/(-3)*(0 - -93))/(380/91580)?
1
Suppose 11*r - 72 = 8*r. Let w be ((-21)/(-24) - 9/r)*6. Suppose 0*k + 4*k = d + 359, 0 = -w*k + 5*d + 282. What is the units digit of k?
9
What is the ten thousands digit of (-123)/861 + 255936/14?
1
Suppose 0 = 5*k - 2*c - 35636 - 30799, -25 = 5*c. What is the thousands digit of k?
3
Let d(a) be the second derivative of 17*a - 131/6*a**3 + 0 + 2*a**2. What is the tens digit of d(-1)?
3
Let b(x) = -2573*x - 5062. What is the ten thousands digit of b(-9)?
1
Let n(z) = -56*z + 300. Suppose 2*b + 3*j = -26, 0*b - 4*b = 4*j + 60. What is the thousands digit of n(b)?
1
Let g = 143 - 122. Let p(m) = 6 - g*m - 27*m - 11*m + 8. What is the units digit of p(-4)?
0
Let d(r) = 7*r**3 - r**2 - r - 12*r**2 + 70 + 0*r**2 - 8*r**3. What is the units digit of d(-16)?
4
Let u be (-17)/(8/20 - (-279)/(-735)). Let y = u + 984. What is the units digit of y?
1
Suppose u + 40738 = 5*l, 5*l + 5*u = 7*l - 16286. Suppose 4*r - 30348 + l = 0. What is the hundreds digit of ((-4)/(-6))/(-4 + r/1386)?
1
Let h be (44/(-6))/((-4)/54). Let d = -249 - -246. What is the tens digit of (-18)/h + -896*d/22?
2
Suppose 18 = 2*k + 7*k. Let f(o) be the third derivative of 7*o**6/120 - o**4/4 + 7*o**3/6 - 31*o**2. What is the units digit of f(k)?
1
Suppose 3*n + 5*d - 51 = 0, -3*n - 4*d + 45 = -d. Let b(m) = m**3 - 10*m**2 - 21*m - 1. Let k be b(n). Let r = k + 8. What is the tens digit of r?
4
Let q be ((-1)/((-5)/(-5)))/((-1)/3). Suppose 0 = 4*w - 3*b - 25, -q*w + 10 = -4*b - 7. Suppose w*n - 595 - 77 = 0. What is the units digit of n?
6
Suppose -5*t + z = -2826, 3*z - 1698 = -3*t + 6*z. Let b(a) = a**2 + 29*a + 143. Let p be b(-23). Suppose 0*w = -p*w + t. What is the hundreds digit of w?
1
Let z(q) = 2*q**3 + q**2 + 3*q - 1. Let c be -2 - (-2 + 4) - -9. Suppose 2*y - 1 = c. What is the tens digit of z(y)?
7
Let g(u) = -11 + 4 - 6 - 39*u. Suppose -3*h - 2*t = 20, 6*h = 2*h + 3*t - 4. What is the units digit of g(h)?
3
Suppose -4*g + 41 + 11 = 0. Suppose 0 = -l - 2*o + 13, -l + o - 2*o = -g. Let c(u) = u**2 - 9*u - 27. What is the tens digit of c(l)?
2
Let z = 151 - -242. What is the units digit of z?
3
Suppose -7*j + 919 = 44. Suppose -j*f = -136*f + 14333. What is the tens digit of f?
0
Suppose 5069 + 2447 = 2*z. Suppose -482 = 28*p - z. What is the units digit of p?
7
Suppose 39 = 137*t - 134*t. Suppose t*a - 7*a - 2250 = 0. What is the tens digit of a?
7
Suppose 0 = -n - f + 1356, -722*n + 2*f + 6752 = -717*n. What is the units digit of n?
2
Let g be -3 - (-12 - (-6 + 3)). Suppose 48 + 36 = g*l. What is the tens digit of (-3458)/(-49) + 2/l*3?
7
Suppose 0 = 2228*c - 2253*c + 183550. What is the tens digit of c?
4
What is the hundreds digit of 4*(-28)/672 + (2 - 515037/(-18))?
6
Suppose 2*m - 3*w - 16 = m, -m - 3*w = 14. Let i be (5/(-2) - -3)*m*86. Let u = i - 13. What is the units digit of u?
0
Let o(q) = 3355*q - 883. What is the units digit of o(4)?
7
Let u(f) = -4*f + 567. Let w be u(0). Suppose 0 = -6*o + 621 + w. What is the hundreds digit of o?
1
Let l(g) = 1008*g - 2135. What is the thousands digit of l(19)?
7
Let d = -84852 + 121179. What is the thousands digit of d?
6
Suppose 118*n - 301201 = 114*n - q, 0 = 4*n - 2*q - 301198. What is the units digit of n?
0
Let s = -88 - -85. Let t(p) = -4*p**2 - 12*p - 51. Let m(u) = -7*u**2 - 24*u - 103. Let c(f) = s*m(f) + 5*t(f). What is the units digit of c(-18)?
2
Let j be (-2)/(-12) - -2*(-18519)/(-36). Suppose 7710 = 17*z + j. What is the units digit of z?
3
Suppose 24*c - 21*c = 0. Suppose c = -5*g + 2*x + 2090, 5*g + 0*g + 3*x - 2065 = 0. What is the tens digit of g?
1
Suppose 5*h - 54975 = -5*m, 10989 = 11*m - 10*m - 2*h. What is the thousands digit of m?
0
Suppose -42*u + 3088666 = 56*u. What is the hundreds digit of u?
5
Suppose 5*a = -2*o + 6324, -3*o + 9486 = 7*a - 12*a. Suppose -66*s + 60*s = -o. What is the units digit of s?
7
Let o(u) = -2*u**2 - 31*u + 16. Suppose 5*m - 2*y = 4, -5*m + y + 0 = -2. Suppose 4*d + m = -56. What is the units digit of o(d)?
8
Let a(t) = -3706*t - 20. Let w(p) = 2472*p + 13. Let s(j) = 5*a(j) + 7*w(j). What is the hundreds digit of s(-1)?
2
Let t(y) = y**2 - 59*y + 1603. What is the units digit of t(0)?
3
Let n(o) be the first derivative of -o**4/2 + 2*o**2 + 3*o + 91. Suppose -3*g = -5*p - 6, 0 = 3*p + 3*g + 23 - 5. What is the tens digit of n(p)?
4
Suppose 2*x + 5*p + 32 = 0, 2*x - 7*x - 49 = -3*p. Let d = 11 + x. Suppose -2*g + 103 - 27 = d. What is the tens digit of g?
3
Let d(v) = 5*v + 2*v**3 + 174*v**2 - 21*v + 43 - 148*v**2. What is the tens digit of d(-13)?
5
What is the tens digit of (2 - -18)/((-1)/(-215))?
0
Let p = -2181 - -3844. What is the units digit of p?
3
Let u(j) = -j - 5. Let s be u(-5). Suppose s = -4*z + c + 1997 - 420, 0 = -5*z - c + 1969. What is the tens digit of z?
9
Let q be (7/((-56)/(-18)))/(12/5312). Let m = q - 369. What is the tens digit of m?
2
What is the hundreds digit of (-16966)/(-4)*(-19 + 8 + 13)?
4
Let y = -6175 + 34786. What is the ten thousands digit of y?
2
Let y(c) = -c**2 + 5*c - 6. Suppose 3*z - 8*z + 10 = 0. Let m be y(z). Suppose 12 = -3*r + 3, g - 5*r - 181 = m. What is the units digit of g?
6
Let b be (-8)/10 - -1 - (-5517)/15. Suppose -4*n + 256 + b = 0. Suppose n = 4*h - h. What is the units digit of h?
2
Let m(a) = 19*a - 20. Let c be ((-560)/(-90) + -6)*36. What is the units digit of m(c)?
2
Suppose -4*w - 14*z = -17*z + 18, -11 = w - 4*z. Let d(n) = -40*n - 33. What is the tens digit of d(w)?
8
Let n(w) = -35*w + 32. Let f be n(-6). Suppose -i = f - 39. Let q = i + 289. What is the units digit of q?
6
Let a = 102570 + -43438. What is the thousands digit of a?
9
Let a(f) = 2*f**3 - 10*f**2 - 20*f + 14. Let y be a(9). Suppose h - 827 = -2*p, h - 2*p = y + 329. What is the hundreds digit of h?
8
Let c(b) = 527*b**2 + 247*b - 1237. Wha